f 13 and y?
13
Let g = 14 + -9. Suppose -y = -6*y + g. Let d(b) = 9*b. Let c be d(1). What is the highest common factor of c and y?
1
Let t be 12/((-4)/(32/(-30)))*20. Calculate the greatest common factor of 160 and t.
32
Let m(p) = 9*p**2 - 2*p + 1. Let u be (2/8 - 0)*4. Let c be m(u). What is the highest common factor of 56 and c?
8
Let v = 23 - 10. Let u be 1 + v - (21 + -25). Calculate the highest common divisor of 45 and u.
9
Let k = -55 - -77. Suppose f = -3*h + 197, 3*h - 4*f - 209 + k = 0. What is the highest common divisor of h and 13?
13
Suppose 0 = -0*r + 2*r. Let i = r - -2. Calculate the highest common divisor of 8 and i.
2
Suppose 3*d = -0*d. Suppose -4*g - g + 525 = d. Let t(w) = -4*w - 1. Let o be t(-4). Calculate the greatest common factor of o and g.
15
Suppose 0 = -14*a + 287 + 1379. What is the highest common divisor of 7 and a?
7
Suppose 7*u - 2*u - 70 = 0. Let g(o) = o**3 - 6. Let w be g(0). Let k be 54 - 3/(w/4). What is the greatest common factor of k and u?
14
Let b be (0 - 2) + 1 + 3. Calculate the highest common factor of 8 and b.
2
Suppose 0*y - 2*y = -26. Let r(l) = 9*l - 9. Let t be r(14). Calculate the highest common divisor of y and t.
13
Let i(r) = -4*r**3 - 3*r**2 + 3*r. Let n be i(-3). Let j be (-3)/(6/(-32)*2). What is the greatest common factor of n and j?
8
Let o(p) = p**2 + 10*p - 59. Let k be o(-17). Calculate the greatest common factor of k and 20.
20
Let h(v) = v**3 + 4*v**2 + v - 2. Let k be h(-3). Suppose -k = -5*n + 1. Let g be (-1)/(n*1/(-14)). Calculate the greatest common divisor of 98 and g.
14
Let g(r) = r**3 + 11*r**2 + 11*r - 13. Let t be g(-9). Let w be 0/(5/((-15)/(-6))). Suppose -3*s = -w*s - 75. What is the greatest common factor of t and s?
25
Suppose -4*u - 135 = u. Let x = 72 - u. Let n(z) = z**3 - 2*z**2 + 2. Let t be n(3). What is the highest common divisor of t and x?
11
Suppose 5*a - 43 = 4*y, 2*a - 4*y - 29 + 7 = 0. Suppose 4*q - 23 + a = 0. Calculate the highest common divisor of 10 and q.
2
Suppose -2*g + 7*g - 25 = 0. Suppose f - g*p - 40 = 0, f + 0*f = -3*p + 64. What is the greatest common factor of 22 and f?
11
Suppose 0 = 3*v - v - 310. Let s be (-2)/4 + (-366)/4. Let j = v + s. Calculate the highest common divisor of j and 7.
7
Suppose -78*q - 18 = -79*q. Calculate the greatest common divisor of 378 and q.
18
Let t be (-4)/(-6)*-1*-24. Suppose 46 = -4*r + 238. What is the greatest common divisor of r and t?
16
Let z(u) = -2*u + 19. Let y be z(7). Calculate the greatest common divisor of y and 55.
5
Let o be 4/(-6) + 4*364/24. What is the greatest common factor of 12 and o?
12
Let n(s) = 229*s**2 + s. Let o be n(-1). Suppose -3*r = r - o. Calculate the greatest common divisor of r and 19.
19
Let l(t) = t**3 + t**2 + 1. Let x be l(2). Suppose -142 = -2*w + 4*j, 0 = -3*w - 0*w + j + 198. What is the highest common factor of x and w?
13
Let l be 40/7 + (-30)/(-105). Let p be l/(-21) + 64/28. What is the highest common factor of 5 and p?
1
Let s = 46 + -32. Suppose -25 = -5*k - 5*z + 2*z, 20 = 4*k - z. Suppose y = k*f - 0*y - 420, -84 = -f + y. Calculate the highest common divisor of f and s.
14
Let h be 2 - (1 + -1) - -30. Suppose -6*d = -d - 15, 4*d - h = -4*t. Calculate the greatest common divisor of t and 5.
5
Let p(b) = 7*b**2 - 13*b - 3. Let t be p(-9). Suppose -t - 119 = -5*x. Calculate the highest common factor of 20 and x.
20
Let y(t) be the second derivative of t**5/20 + 7*t**4/12 + 5*t**2/2 + 3*t. Let i be y(-7). Calculate the greatest common factor of i and 55.
5
Let k(y) = 2*y**2 + 5*y**2 + 0*y**2 - 6*y**2 + 4. Let l be k(3). Let t(s) = -15*s + 5. Let d be t(-4). What is the highest common factor of d and l?
13
Let x = -46 + 112. Let a be (-4)/10 + 64/10. What is the highest common factor of x and a?
6
Let p(r) be the first derivative of -r**2/2 - 6*r - 4. Let m be p(0). Let t be (16/m)/(5/(-120)). Calculate the greatest common factor of t and 8.
8
Suppose 12 = 3*j, j - 7 = 5*m - 38. Let x = 7 + 0. What is the greatest common factor of m and x?
7
Let p(t) = 11*t + 7. Let k be p(3). What is the highest common factor of 40 and k?
40
Let l(g) = -3*g**2 - 5*g. Let i(h) = -h. Let f(w) = 4*i(w) - l(w). Let k be f(-2). What is the greatest common factor of k and 40?
10
Let p(h) = -41*h + 2. Let d be p(-2). Calculate the highest common factor of d and 12.
12
Let m(d) = d**3 - d + 14. Suppose -n = -3*n. Let x be m(n). Suppose 5*c = 3*c + 28. Calculate the highest common factor of c and x.
14
Suppose 4*j + 25 = -5*h, -5*j - h - 9 = -4. Suppose j = -4*x, -4*x + 36 = i - 2. What is the greatest common divisor of 95 and i?
19
Let a be (-48)/2*-2*1. Let m(n) = -n**3 + n**2 + 12. Let g = -13 + 13. Let f be m(g). Calculate the greatest common divisor of f and a.
12
Suppose 2*w - 60 = -j, -j + w - 32 = -101. Suppose 30 = l + 4*l. Calculate the highest common factor of l and j.
6
Suppose 4*v - f - 46 = 0, -v - 6*f = -f - 1. Calculate the greatest common divisor of 1 and v.
1
Let t = -85 - -153. Suppose -5*m + 3*m = -t. What is the greatest common factor of 51 and m?
17
Let d(b) be the first derivative of b**4/4 - 8*b**3/3 + b**2/2 - 6*b - 11. Let n be d(8). What is the highest common divisor of 14 and n?
2
Let w = 6 - -12. Let c be (-1)/(-3) - (-1434)/w. Let t be (2/2)/(8/c). What is the greatest common factor of t and 10?
10
Let v be (-4)/14 - 37/(-7). Suppose 5*g - 3*g - 16 = 0. Suppose v*s - g = 52. What is the highest common factor of 108 and s?
12
Let d(b) = -b**3 - b**2 - 17. Let x be d(-4). What is the greatest common factor of x and 155?
31
Suppose -31 = -5*n - 4*a, 5 = -n - a + 3*a. What is the highest common factor of 5 and n?
1
Let q(m) = -m - 1. Let h be q(-2). Suppose 16 = -j + 3*j. Let f = -5 + j. Calculate the highest common divisor of f and h.
1
Let p(x) = -x**3 + 9*x**2 + 9*x + 9. Let l be p(10). Let f be (3 - l) + 10 + 4. What is the greatest common factor of f and 45?
9
Let w(i) = i + 11. Let a be w(0). Calculate the highest common factor of a and 11.
11
Suppose 8*w + 88 = 12*w. What is the greatest common factor of w and 242?
22
Let a(n) = -48*n - 5. Suppose -5*x - 19 = j, -4*x - x - 22 = -2*j. Let o be a(x). What is the highest common factor of o and 17?
17
Suppose 7 = 4*o - 21. Calculate the greatest common divisor of 1 and o.
1
Let x(r) = -11*r - 10 - 36*r**2 + 3*r + 37*r**2. Let c be x(10). Calculate the highest common factor of 10 and c.
10
Let q(x) = 15*x**2 - 2*x + 3. Let m be q(1). Calculate the highest common factor of 112 and m.
16
Suppose 10 = 3*m + 1. Let j be 14/4 - (-1)/(-2). Let d = j + m. What is the highest common divisor of d and 18?
6
Let n be (-1 - -4)/((-2)/(-6)). Let o = 18 - 2. Let z = o - n. What is the greatest common factor of z and 77?
7
Suppose 0 = -2*i + 5*l - 2, 2*i = -3*l + 9 + 5. What is the highest common factor of i and 28?
4
Suppose 2*n + 15 = 5*n. Let k be 0 + -5 + (0 - -1). Let i be -2*k/1 - -2. Calculate the greatest common factor of n and i.
5
Let q = 5 - 10. Let x(v) = -26*v - 5*v**2 + 19*v + 4*v**2. Let z be x(q). What is the greatest common divisor of z and 40?
10
Let t be (-22 - 2)/((-4)/58). Let q = t - 73. Let m = -77 + q. What is the highest common divisor of m and 18?
18
Let u(i) = -i**2 - 6*i - 5. Let w be u(-4). Let y = 124 - 62. Suppose w*j + g = 50, 2*j = 6*j - g - y. What is the highest common divisor of j and 8?
8
Let r(y) = -y**2 + 4*y + 2. Let z be r(4). Let i be (-28)/(-6) + (-28)/(-21). Suppose i*k - 25 = k. What is the highest common factor of k and z?
1
Suppose 4*m + y + 4*y + 34 = 0, 0 = -2*m - y - 14. Let t be (-554)/(-22) + m/33. Calculate the greatest common divisor of t and 5.
5
Let r be (48/30)/(-4*2/(-100)). Suppose -3*d = 2*g - 5*d - 24, g - 4*d = 0. Let u be (6/(-4))/((-6)/g). Calculate the greatest common divisor of u and r.
4
Suppose -4*s + 36 = -2*s. Calculate the greatest common factor of 2 and s.
2
Let z(c) = 5*c**2 + 2*c - 2. Let q be z(-2). Let x be 210/(-20)*1*-2. What is the highest common divisor of x and q?
7
Let z(i) = -i**2 - 15*i + 13. Let b be z(-13). What is the highest common divisor of 39 and b?
39
Suppose 0 = 2*p - 4*p + 32. Suppose 3*y + 5*g + 9 = -y, -3*y = -3*g - 27. Calculate the greatest common factor of y and p.
4
Let t(u) = u. Let j be t(2). Let p(s) = -s - 2. Let f